Calculate the remainder when 409 is divided by 200.
9
Calculate the remainder when 100 is divided by 46.
8
What is the remainder when 11 is divided by 6?
5
Calculate the remainder when 352 is divided by 142.
68
Calculate the remainder when 228 is divided by 15.
3
What is the remainder when 162 is divided by 82?
80
Calculate the remainder when 2147 is divided by 239.
235
What is the remainder when 4435 is divided by 14?
11
Calculate the remainder when 20843 is divided by 14.
11
What is the remainder when 8971 is divided by 136?
131
Calculate the remainder when 85966 is divided by 432.
430
Calculate the remainder when 370 is divided by 97.
79
Calculate the remainder when 291 is divided by 6.
3
What is the remainder when 158 is divided by 10?
8
What is the remainder when 1366 is divided by 50?
16
What is the remainder when 257 is divided by 122?
13
What is the remainder when 181 is divided by 27?
19
What is the remainder when 48 is divided by 7?
6
What is the remainder when 98 is divided by 30?
8
Calculate the remainder when 665 is divided by 67.
62
Calculate the remainder when 43959 is divided by 14.
13
What is the remainder when 203 is divided by 101?
1
What is the remainder when 141 is divided by 93?
48
Calculate the remainder when 188 is divided by 20.
8
What is the remainder when 996 is divided by 50?
46
Calculate the remainder when 446 is divided by 84.
26
What is the remainder when 488 is divided by 90?
38
Calculate the remainder when 45 is divided by 17.
11
Calculate the remainder when 90 is divided by 86.
4
What is the remainder when 490 is divided by 480?
10
What is the remainder when 327 is divided by 6?
3
What is the remainder when 372 is divided by 51?
15
What is the remainder when 31 is divided by 4?
3
What is the remainder when 1094 is divided by 7?
2
What is the remainder when 6231 is divided by 63?
57
What is the remainder when 3449 is divided by 99?
83
What is the remainder when 546 is divided by 35?
21
What is the remainder when 37 is divided by 8?
5
What is the remainder when 30 is divided by 18?
12
Calculate the remainder when 494 is divided by 3.
2
Calculate the remainder when 2519 is divided by 35.
34
What is the remainder when 3634 is divided by 908?
2
What is the remainder when 38757 is divided by 19?
16
Calculate the remainder when 257 is divided by 87.
83
What is the remainder when 415 is divided by 19?
16
Calculate the remainder when 8268 is divided by 5.
3
What is the remainder when 4217 is divided by 63?
59
Calculate the remainder when 14407 is divided by 110.
107
Calculate the remainder when 851 is divided by 13.
6
Calculate the remainder when 2687 is divided by 298.
5
Calculate the remainder when 3580 is divided by 256.
252
Calculate the remainder when 1851 is divided by 17.
15
What is the remainder when 361 is divided by 121?
119
What is the remainder when 2969 is divided by 1483?
3
What is the remainder when 35 is divided by 24?
11
Calculate the remainder when 293 is divided by 74.
71
Calculate the remainder when 645 is divided by 72.
69
Calculate the remainder when 279 is divided by 96.
87
Calculate the remainder when 1734 is divided by 30.
24
Calculate the remainder when 209 is divided by 84.
41
Calculate the remainder when 2444 is divided by 186.
26
Calculate the remainder when 1391 is divided by 230.
11
What is the remainder when 3855 is divided by 20?
15
What is the remainder when 1812 is divided by 22?
8
Calculate the remainder when 1756 is divided by 93.
82
Calculate the remainder when 715 is divided by 86.
27
Calculate the remainder when 152 is divided by 50.
2
What is the remainder when 359 is divided by 60?
59
What is the remainder when 431 is divided by 18?
17
Calculate the remainder when 159 is divided by 38.
7
Calculate the remainder when 439 is divided by 76.
59
What is the remainder when 217 is divided by 44?
41
What is the remainder when 73 is divided by 68?
5
Calculate the remainder when 118 is divided by 71.
47
What is the remainder when 384 is divided by 31?
12
What is the remainder when 40 is divided by 23?
17
What is the remainder when 526 is divided by 33?
31
Calculate the remainder when 387 is divided by 97.
96
What is the remainder when 340 is divided by 18?
16
What is the remainder when 4 is divided by 2?
0
What is the remainder when 181 is divided by 5?
1
Calculate the remainder when 187 is divided by 158.
29
What is the remainder when 32 is divided by 10?
2
What is the remainder when 1437 is divided by 36?
33
What is the remainder when 752 is divided by 69?
62
What is the remainder when 77 is divided by 14?
7
Calculate the remainder when 233 is divided by 43.
18
What is the remainder when 119 is divided by 35?
14
Calculate the remainder when 1311 is divided by 146.
143
What is the remainder when 1545 is divided by 511?
12
Calculate the remainder when 83 is divided by 10.
3
What is the remainder when 280 is divided by 97?
86
What is the remainder when 62 is divided by 8?
6
What is the remainder when 1837 is divided by 1830?
7
Calculate the remainder when 26 is divided by 19.
7
What is the remainder when 721 is divided by 29?
25
Calculate the remainder when 58 is divided by 37.
21
What is the remainder when 2374 is divided by 13?
8
Calculate the remainder when 262 is divided by 19.
15
What is the remainder when 72 is divided by 36?
0
What is the remainder when 1409 is divided by 17?
15
Calculate the remainder when 75 is divided by 54.
21
Calculate the remainder when 54 is divided by 5.
4
Calculate the remainder when 270 is divided by 16.
14
What is the remainder when 261 is divided by 12?
9
What is the remainder when 120 is divided by 111?
9
Calculate the remainder when 585 is divided by 43.
26
What is the remainder when 1107 is divided by 30?
27
What is the remainder when 382 is divided by 366?
16
Calculate the remainder when 2955 is divided by 980.
15
Calculate the remainder when 547 is divided by 29.
25
What is the remainder when 49 is divided by 26?
23
What is the remainder when 3299 is divided by 3292?
7
Calculate the remainder when 773 is divided by 148.
33
Calculate the remainder when 3879 is divided by 3879.
0
What is the remainder when 787 is divided by 657?
130
What is the remainder when 2771 is divided by 252?
251
What is the remainder when 1027 is divided by 103?
100
What is the remainder when 240 is divided by 43?
25
What is the remainder when 47 is divided by 45?
2
Calculate the remainder when 392 is divided by 3.
2
What is the remainder when 1370 is divided by 43?
37
Calculate the remainder when 225 is divided by 13.
4
Calculate the remainder when 10373 is divided by 7.
6
What is the remainder when 189 is divided by 27?
0
Calculate the remainder when 253 is divided by 38.
25
What is the remainder when 281 is divided by 47?
46
What is the remainder when 106 is divided by 99?
7
Calculate the remainder when 8907 is divided by 133.
129
Calculate the remainder when 169 is divided by 102.
67
What is the remainder when 532 is divided by 67?
63
What is the remainder when 962 is divided by 262?
176
What is the remainder when 348 is divided by 50?
48
What is the remainder when 174 is divided by 161?
13
What is the remainder when 388 is divided by 233?
155
Calculate the remainder when 877 is divided by 68.
61
What is the remainder when 41 is divided by 20?
1
What is the remainder when 1281 is divided by 492?
297
Calculate the remainder when 285 is divided by 6.
3
Calculate the remainder when 51 is divided by 25.
1
What is the remainder when 273 is divided by 56?
49
What is the remainder when 1890 is divided by 19?
9
What is the remainder when 50 is divided by 24?
2
Calculate the remainder when 67 is divided by 17.
16
Calculate the remainder when 53 is divided by 6.
5
What is the remainder when 317 is divided by 81?
74
Calculate the remainder when 893 is divided by 172.
33
Calculate the remainder when 459 is divided by 14.
11
Calculate the remainder when 1043 is divided by 130.
3
What is the remainder when 7599 is divided by 19?
18
What is the remainder when 5939 is divided by 30?
29
What is the remainder when 82 is divided by 45?
37
Calculate the remainder when 258 is divided by 122.
14
Calculate the remainder when 59 is divided by 26.
7
Calculate the remainder when 67 is divided